are the prime factors of 98626?
2, 11, 4483
List the prime factors of 14691967.
14691967
List the prime factors of 414594.
2, 3, 31, 743
List the prime factors of 15777473.
139, 223, 509
What are the prime factors of 1159698?
2, 3, 193283
List the prime factors of 80031.
3, 7, 37, 103
What are the prime factors of 142672?
2, 37, 241
What are the prime factors of 114218?
2, 13, 23, 191
List the prime factors of 330386.
2, 7, 23599
List the prime factors of 159769.
159769
List the prime factors of 1900800.
2, 3, 5, 11
List the prime factors of 30064509.
3, 83, 167, 241
List the prime factors of 392968.
2, 49121
List the prime factors of 284721.
3, 94907
What are the prime factors of 708630?
2, 3, 5, 13, 23, 79
What are the prime factors of 88376?
2, 11047
List the prime factors of 118396.
2, 29599
List the prime factors of 2471427.
3, 7, 39229
What are the prime factors of 7790299?
11, 29, 24421
List the prime factors of 9211617.
3, 341171
List the prime factors of 2549152.
2, 37, 2153
List the prime factors of 26504918.
2, 11, 229, 5261
List the prime factors of 119208.
2, 3, 4967
List the prime factors of 13542452.
2, 7, 11, 43969
What are the prime factors of 734476?
2, 139, 1321
What are the prime factors of 958873?
19, 109, 463
What are the prime factors of 490253?
139, 3527
List the prime factors of 3264477.
3, 1088159
List the prime factors of 1052025.
3, 5, 13, 83
List the prime factors of 2033079.
3, 47, 14419
What are the prime factors of 1171177?
7, 167311
What are the prime factors of 1000529?
29, 34501
What are the prime factors of 3551207?
11, 71, 4547
List the prime factors of 206361.
3, 7643
What are the prime factors of 242134?
2, 121067
What are the prime factors of 1316227?
11, 119657
What are the prime factors of 171651?
3, 29, 1973
List the prime factors of 17347592.
2, 41, 52889
List the prime factors of 61450.
2, 5, 1229
What are the prime factors of 756499?
43, 73, 241
List the prime factors of 2378660.
2, 5, 23, 5171
List the prime factors of 1501577.
7, 11, 19501
List the prime factors of 937487.
173, 5419
What are the prime factors of 186566?
2, 93283
List the prime factors of 226780.
2, 5, 17, 23, 29
List the prime factors of 89369.
7, 17, 751
What are the prime factors of 22539624?
2, 3, 19, 49429
List the prime factors of 4340332.
2, 569, 1907
List the prime factors of 2919928.
2, 11, 33181
List the prime factors of 1259999.
13, 103, 941
What are the prime factors of 142290?
2, 3, 5, 17, 31
What are the prime factors of 69048?
2, 3, 7, 137
What are the prime factors of 1197635?
5, 239527
List the prime factors of 260657.
277, 941
List the prime factors of 144393.
3, 48131
List the prime factors of 925886.
2, 13, 149, 239
List the prime factors of 2711598.
2, 3, 451933
List the prime factors of 67118.
2, 37, 907
List the prime factors of 5423107.
193, 28099
List the prime factors of 15719.
11, 1429
What are the prime factors of 12428030?
2, 5, 1242803
List the prime factors of 649163.
67, 9689
List the prime factors of 758591.
17, 44623
What are the prime factors of 488695?
5, 43, 2273
List the prime factors of 141884.
2, 79, 449
List the prime factors of 1353421.
17, 79613
What are the prime factors of 1274769?
3, 139, 1019
What are the prime factors of 3875437?
211, 18367
What are the prime factors of 1867080?
2, 3, 5, 15559
What are the prime factors of 319392?
2, 3, 1109
What are the prime factors of 3338976?
2, 3, 34781
List the prime factors of 147935.
5, 29587
List the prime factors of 783958.
2, 7, 55997
List the prime factors of 1334853.
3, 13, 3803
List the prime factors of 5865870.
2, 3, 5, 19, 41, 251
List the prime factors of 7954703.
47, 169249
What are the prime factors of 208034?
2, 41, 43, 59
What are the prime factors of 817274?
2, 408637
What are the prime factors of 21782934?
2, 3, 1210163
What are the prime factors of 7847545?
5, 29, 54121
What are the prime factors of 961978?
2, 480989
List the prime factors of 1545833.
509, 3037
What are the prime factors of 147847?
7, 21121
What are the prime factors of 29552?
2, 1847
List the prime factors of 2477581.
19, 130399
List the prime factors of 247100.
2, 5, 7, 353
List the prime factors of 7657391.
7, 61, 79, 227
What are the prime factors of 2559188?
2, 43, 14879
What are the prime factors of 147137?
147137
List the prime factors of 217254.
2, 3, 36209
What are the prime factors of 4105466?
2, 17, 120749
What are the prime factors of 10182177?
3, 1131353
What are the prime factors of 24570798?
2, 3, 7, 585019
What are the prime factors of 26100082?
2, 107, 121963
List the prime factors of 595106.
2, 149, 1997
What are the prime factors of 9846308?
2, 2461577
What are the prime factors of 9032?
2, 1129
What are the prime factors of 4674807?
3, 173141
List the prime factors of 6202630.
2, 5, 7, 88609
What are the prime factors of 2344358?
2, 1172179
List the prime factors of 39373958.
2, 13, 116491
List the prime factors of 431156.
2, 11, 41, 239
List the prime factors of 1772832.
2, 3, 59, 313
List the prime factors of 1493085.
3, 5, 11, 9049
What are the prime factors of 884693?
884693
List the prime factors of 712832.
2, 5569
What are the prime factors of 604647?
3, 23, 127
List the prime factors of 2041122.
2, 3, 17, 20011
What are the prime factors of 903548?
2, 113, 1999
What are the prime factors of 7026241?
7026241
List the prime factors of 1973302.
2, 19, 51929
List the prime factors of 1582003.
17, 93059
What are the prime factors of 7541932?
2, 37, 131, 389
List the prime factors of 1719028.
2, 367, 1171
What are the prime factors of 21431019?
3, 7143673
List the prime factors of 13196407.
7, 1885201
List the prime factors of 558251.
558251
What are the prime factors of 3268504?
2, 408563
List the prime factors of 2008125.
3, 5, 7, 17
What are the prime factors of 285091?
285091
List the prime factors of 4908850.
2, 5, 31, 3167
List the prime factors of 30479607.
3, 593, 5711
What are the prime factors of 11460905?
5, 2292181
What are the prime factors of 2027832?
2, 3, 19, 4447
List the prime factors of 24627431.
863, 28537
What are the prime factors of 264843?
3, 17, 577
List the prime factors of 403232.
2, 12601
What are the prime factors of 276526?
2, 19, 383
List the prime factors of 3808195.
5, 31, 79, 311
List the prime factors of 5964026.
2, 79, 37747
List the prime factors of 390460.
2, 5, 7, 2789
List the prime factors of 367452.
2, 3, 59, 173
What are the prime factors of 291626?
2, 43, 3391
What are the prime factors of 10973964?
2, 3, 887, 1031
List the prime factors of 3261830.
2, 5, 11, 13, 2281
List the prime factors of 1984017.
3, 7, 94477
What are the prime factors of 1079258?
2, 539629
List the prime factors of 2781195.
3, 5, 79, 2347
What are the prime factors of 2708321?
7, 11, 17, 2069
List the prime factors of 3878392.
2, 7, 69257
List the prime factors of 5458008.
2, 3, 277, 821
What are the prime factors of 5490298?
2, 11, 479, 521
List the prime factors of 287820.
2, 3, 5, 13, 41
What are the prime factors of 245426?
2, 41, 73
What are the prime factors of 7153397?
7153397
List the prime factors of 235885.
5, 13, 19, 191
List the prime factors of 708317.
131, 5407
List the prime factors of 1853237.
419, 4423
List the prime factors of 73688.
2, 61, 151
What are the prime factors of 173952?
2, 3, 151
What are the prime factors of 87382?
2, 43691
What are the prime factors of 18981?
3, 19, 37
What are the prime factors of 16629657?
3, 11, 503929
List the prime factors of 3137128.
2, 19, 20639
What are the prime factors of 1201673?
11, 29, 3767
What are the prime factors of 3581316?
2, 3, 53, 1877
What are the prime factors of 8345668?
2, 59, 35363
List the prime factors of 13226772.
2, 3, 13, 84787
What are the prime factors of 2199382?
2, 997, 1103
What are the prime factors of 6787848?
2, 3, 282827
List the prime factors of 586653.
3, 17, 11503
List the prime factors of 624905.
5, 124981
List the prime factors of 939979.
461, 2039
What are the prime factors of 375339?
3, 125113
List the prime factors of 891869.
11, 89, 911
List the prime factors of 24255.
3, 5, 7, 11
List the prime factors of 11113102.
2, 7, 11, 13, 61
What are the prime factors of 4862130?
2, 3, 5, 7, 13, 137
What are the prime factors of 13